base 11, what is 12 - -53517a7?
5351809
In base 9, what is -481750 - 1111?
-482861
In base 10, what is 2 + -3316376?
-3316374
In base 2, what is -1111 - 11110100010101110011?
-11110100010110000010
In base 3, what is 1200211 + -102220022?
-101012111
In base 14, what is 2 + -50557d4?
-50557d2
In base 13, what is 8c4a - -205?
9152
In base 12, what is -146 - -131685a?
1316714
In base 4, what is 100011302001 + -1?
100011302000
In base 3, what is -2201222 - 101201222021?
-101211201020
In base 16, what is 1612235e - 0?
1612235e
In base 10, what is 410 + 238136?
238546
In base 12, what is -989 + 1966?
b99
In base 5, what is -2321330 + 413?
-2320412
In base 2, what is 110 - 100101000111101110111100?
-100101000111101110110110
In base 6, what is 111423242503 - 3?
111423242500
In base 3, what is 10011122212010 + -202?
10011122211101
In base 14, what is -5 + -83c0b6?
-83c0bb
In base 10, what is 4 + -3740554?
-3740550
In base 4, what is -1313310 + 103331?
-1203313
In base 5, what is 140041 + -20133?
114403
In base 4, what is -20123130 + 3203?
-20113321
In base 14, what is 216371 - -1c?
21638d
In base 4, what is -21 - -311213322233?
311213322212
In base 4, what is -112111 - 1312130?
-2030301
In base 13, what is -24061 - -41b?
-23943
In base 2, what is -1000111011010 + 1110101100010?
101110001000
In base 16, what is -4 + 1f924c?
1f9248
In base 8, what is -40 + 5516614?
5516554
In base 9, what is -5076418 + -8?
-5076427
In base 6, what is 13305 + -305205?
-251500
In base 11, what is 4 + -3522172?
-3522169
In base 2, what is -101 - 100100010111110101111110?
-100100010111110110000011
In base 13, what is 807793 - -4?
807797
In base 11, what is -11a815 - -45?
-11a780
In base 15, what is -22988a - -1d?
-22986c
In base 4, what is 221220333 - -2233?
221223232
In base 5, what is -114023 + 34321?
-24202
In base 9, what is -1623514 - 5?
-1623520
In base 8, what is -1 - -11372526?
11372525
In base 4, what is 200211 + -3300320?
-3100103
In base 10, what is -607826235 - -1?
-607826234
In base 12, what is b278b + -4?
b2787
In base 6, what is 425312541 + 1?
425312542
In base 14, what is 42 - -5205a?
5209c
In base 3, what is 12000212002 + -101110?
12000110122
In base 4, what is -132101 - 200032?
-332133
In base 3, what is -20010000 + -1100100100?
-1120110100
In base 10, what is -71 + -143505?
-143576
In base 7, what is 143 + 425114?
425260
In base 6, what is 311 - 110213451?
-110213140
In base 2, what is 100110110 + 10010100101011?
10011001100001
In base 9, what is 33474 - 31588?
1775
In base 16, what is 1884 - 43f?
1445
In base 14, what is -37 - 75cb1?
-75d08
In base 7, what is 236 + -302532?
-302263
In base 2, what is 11010001111010010011110001 + -110?
11010001111010010011101011
In base 3, what is 20 - -120022111?
120022201
In base 14, what is -3c6c45c - 3?
-3c6c461
In base 3, what is -10012001201120 + -101100?
-10012002002220
In base 14, what is -8a + 367d6b?
367cc1
In base 7, what is 14412105 - -124?
14412232
In base 15, what is 18e - -1b905b?
1b91ea
In base 13, what is 4c3325c - -4?
4c33263
In base 10, what is 14 - -3560130?
3560144
In base 5, what is -43003214240 - 10?
-43003214300
In base 10, what is -114194875 + -3?
-114194878
In base 5, what is -3 - -114314134031?
114314134023
In base 6, what is -10 + -5514513?
-5514523
In base 4, what is -12 - -1130312232033?
1130312232021
In base 6, what is -153443231 + -143?
-153443414
In base 6, what is 24 - 3330324542?
-3330324514
In base 4, what is 21010211 + 2332?
21013203
In base 2, what is 101 - -1011111101011110000011110?
1011111101011110000100011
In base 7, what is -61102 - 350263?
-441365
In base 4, what is -12100030 + 130010?
-11310020
In base 10, what is 5 - 3075699?
-3075694
In base 11, what is -38 - 1571885?
-1571912
In base 6, what is 35311344 - 341?
35311003
In base 6, what is 1 + 222204211?
222204212
In base 10, what is 3603367 - -14?
3603381
In base 6, what is 103144151 - 10?
103144141
In base 11, what is -43a312517 + 3?
-43a312514
In base 12, what is -2969b5a4 + 1?
-2969b5a3
In base 11, what is 4267677 - -80?
4267747
In base 5, what is -41024322 + -1420?
-41031242
In base 14, what is 8378266 + -4?
8378262
In base 8, what is -2 + -73450203?
-73450205
In base 9, what is 3147 + 7204?
11352
In base 11, what is 3 - 28929635?
-28929632
In base 6, what is 115040 - -31002?
150042
In base 3, what is -220 - -10002020201211?
10002020200221
In base 11, what is -77 + -12a71?
-13038
In base 10, what is -3220431 + 3?
-3220428
In base 13, what is -155c8a + 21?
-155c69
In base 16, what is -5cf227 + 2?
-5cf225
In base 11, what is -1553 - -2a7?
-1257
In base 11, what is -53 - -1542352?
15422aa
In base 11, what is -1990 - 2958?
-4838
In base 5, what is 3 + -1012302411?
-1012302403
In base 11, what is 79295 - 4509?
74887
In base 14, what is -6cd + -18b0?
-219d
In base 13, what is -1b52a66 + 69?
-1b529ca
In base 6, what is 1522 + 25024432?
25030354
In base 8, what is 4177061 - -5?
4177066
In base 13, what is -5ab14 + -542?
-5b356
In base 7, what is 2 + 1002665632?
1002665634
In base 3, what is 10 - -100220211200?
100220211210
In base 3, what is -2002 + -121220102200111?
-121220102202120
In base 8, what is 1 - 15344001?
-15344000
In base 7, what is 1 + -26315126?
-26315125
In base 11, what is 31a29067 - 4?
31a29063
In base 6, what is -11 - 432320231?
-432320242
In base 11, what is 1200 + -a1062?
-9a962
In base 6, what is -221 + -121141100?
-121141321
In base 9, what is 28030 - -11088?
40128
In base 3, what is 22122202120 - 1000?
22122201120
In base 9, what is -42 + -531747?
-531800
In base 3, what is -100112022 - -202222221?
102110122
In base 14, what is 300 + 98d68?
99268
In base 13, what is -4 + -140a2c2?
-140a2c6
In base 16, what is 38e7d - -2?
38e7f
In base 2, what is -10111001 - -100101011010110110?
100101010111111101
In base 5, what is 1032101 - 420410?
111141
In base 7, what is 133 - -6131452?
6131615
In base 10, what is -6274676 - 5?
-6274681
In base 4, what is 13010032020 - 2033?
13010023321
In base 10, what is -5 - 110248?
-110253
In base 6, what is 2 - 12555344131?
-12555344125
In base 3, what is -211110111010002 - -11?
-211110111002221
In base 9, what is 840011 - -141?
840152
In base 4, what is 11220120331 - -12?
11220121003
In base 14, what is -202cc - -229c?
-1c030
In base 11, what is -32 - 181412?
-181444
In base 6, what is 1144451000 - 24?
1144450532
In base 14, what is 1b - 67d0b7?
-67d09a
In base 13, what is -6 + 93405a0?
9340597
In base 13, what is 2aa89c + 0?
2aa89c
In base 7, what is 3 - -14435066?
14435102
In base 15, what is 51d8c61 + 4?
51d8c65
In base 14, what is 4b5ab + -21dd?
493ac
In base 16, what is -25cc4 - 1a2?
-25e66
In base 10, what is -540093 - -231?
-539862
In base 5, what is 1444433 - -1101?
2001034
In base 6, what is 44 + 102511333?
102511421
In base 2, what is -11010100000100 - 101010010101010?
-1000100110101110
In base 7, what is -23410310 - -56?
-23410221
In base 11, what is -4990a - -1?
-49909
In base 10, what is 2342 - -20385?
22727
In base 15, what is 9c1 - 124db?
-11a1a
In base 10, what is -29 + 548974?
548945
In base 2, what is -1110001110101011100 - -1?
-1110001110101011011
In base 14, what is -6d8 + 167c2?
160c8
In base 2, what is -1011 - 1000001000001011001101?
-1000001000001011011000
In base 7, what is 2 + 1411150553?
1411150555
In base 6, what is 123045 - -20230?
143315
In base 3, what is -20221100021122 + 11?
-20221100021111
In base 14, what is 16cdd + -11b?
16bc2
In base 2, what is -10 + -1001001111111111010?
-1001001111111111100
In base 15, what is -1c52433 - 1?
-1c52434
In base 10, what is 464504 + 125?
464629
In base 11, what is 141175 - 224?
140a51
In base 13, what is -3 - -755c3bc?
755c3b9
In base 16, what is 4003 - ce87?
-8e84
In base 15, what is 82a34c - 5?
82a347
In base 3, what is 2110 + -111222112021?
-111222102211
In base 10, what is -1 + -14164925?
-14164926
In base 3, what is 2 + 112011202211100012?
112011202211100021
In base 14, what is -87d8 + 238?
-85a0
In base 13, what is 2420 + -a3b?
16b2
In base 13, what is 1 - -4498b33?
4498b34
In base 11, what is -8 - 5617320?
-5617328
In base 10, what is -108 + -518617?
-518725
In base 10, what is 108 + -43647?
-43539
In base 14, what is -675a + 17?
-6743
In base 16, what is 2a1f - 9cd?
2052
In base 16, what is -2f0 + -db1b7